1933 divide 279457676?
True
Does 6 divide 1725211?
False
Does 618 divide 97029688?
False
Is 2480 a factor of 59508984?
False
Is 3649028356 a multiple of 26?
False
Is 102 a factor of 589214364?
False
Does 48 divide 53433465?
False
Does 746 divide 619696232?
True
Is 35 a factor of 228227580?
True
Does 101 divide 265331141?
True
Is 163 a factor of 15471466?
False
Is 7629666 a multiple of 11?
True
Is 91 a factor of 423023055?
True
Is 1146419861 a multiple of 154?
False
Is 35994784 a multiple of 296?
True
Is 1595486820 a multiple of 467?
True
Is 48001275 a multiple of 17?
False
Does 78 divide 6676325?
False
Does 2 divide 2442514?
True
Is 12672307 a multiple of 13?
False
Does 72 divide 164735208?
True
Is 59 a factor of 84403378?
False
Does 111 divide 7267503?
True
Does 60 divide 33246720?
True
Is 7 a factor of 450464700?
True
Is 77 a factor of 1646019?
False
Is 5 a factor of 58681245?
True
Is 78 a factor of 12663410?
False
Is 292 a factor of 12121504?
True
Is 1063559 a multiple of 137?
False
Does 25 divide 325131945?
False
Does 175 divide 82569139?
False
Is 3755 a factor of 252828434?
False
Does 44 divide 2604580?
True
Is 421 a factor of 10160245?
False
Is 13564071 a multiple of 9?
True
Does 634 divide 55559574?
False
Is 5258190 a multiple of 210?
True
Is 553 a factor of 2144894359?
False
Is 31 a factor of 65656822?
True
Is 167 a factor of 9225915?
True
Does 64 divide 1236756137?
False
Is 45110940 a multiple of 28?
True
Is 23171162 a multiple of 14?
True
Is 753 a factor of 26491388?
False
Is 23 a factor of 118350644?
False
Is 26348976 a multiple of 147?
False
Is 5 a factor of 24986340?
True
Does 8 divide 12596864?
True
Is 818 a factor of 410965023?
False
Is 3 a factor of 57728948?
False
Is 877369529 a multiple of 73?
False
Is 15649458 a multiple of 2211?
True
Is 170029100 a multiple of 2180?
True
Is 14816423 a multiple of 711?
False
Is 802433471 a multiple of 5?
False
Is 754 a factor of 363078144?
True
Is 3073 a factor of 70027586?
False
Does 63 divide 75884052?
False
Does 77 divide 12104708?
True
Does 246 divide 4526513?
False
Is 49 a factor of 450328279?
False
Is 9000288 a multiple of 1243?
False
Does 650 divide 91071852?
False
Is 31685876 a multiple of 493?
False
Does 328 divide 2875512368?
True
Is 32 a factor of 133365952?
True
Is 21999681 a multiple of 3?
True
Is 26324362 a multiple of 1808?
False
Is 127841760 a multiple of 8?
True
Is 3661119 a multiple of 81?
True
Does 1565 divide 247130715?
True
Is 226015122 a multiple of 21?
False
Is 100 a factor of 45365500?
True
Is 138 a factor of 28337196?
True
Does 158 divide 29007363?
False
Does 1400 divide 266718200?
True
Is 400181922 a multiple of 17?
False
Is 5508694 a multiple of 8?
False
Does 25 divide 1016887522?
False
Does 9 divide 19405648?
False
Does 3459 divide 750491415?
False
Is 8 a factor of 1446896?
True
Is 7 a factor of 558789680?
False
Is 18 a factor of 30285547?
False
Is 62309301 a multiple of 17?
True
Does 636 divide 216687108?
True
Is 429816402 a multiple of 1001?
False
Is 1093851 a multiple of 29?
True
Does 19 divide 4230488?
False
Is 162415382 a multiple of 646?
True
Is 66 a factor of 490484742?
True
Does 62 divide 53959029?
False
Is 26 a factor of 341346174?
True
Does 560 divide 1041600?
True
Does 13 divide 820755190?
False
Is 985812480 a multiple of 576?
True
Does 1008 divide 12252552?
False
Is 534 a factor of 33408734?
False
Is 10 a factor of 1293768720?
True
Is 8908 a factor of 1093800494?
False
Is 1103 a factor of 115976013?
False
Is 17856147 a multiple of 7?
False
Is 32863023 a multiple of 907?
False
Does 322 divide 404411698?
False
Is 152960926 a multiple of 317?
False
Is 503101486 a multiple of 581?
False
Does 10361 divide 542923144?
False
Does 33 divide 44219835?
True
Is 253 a factor of 127045263?
False
Does 3147 divide 264744163?
False
Does 32 divide 488217932?
False
Is 1250 a factor of 34233520?
False
Is 7 a factor of 173622642?
False
Is 9 a factor of 10273941?
True
Is 669 a factor of 31822730?
False
Does 38 divide 895760?
False
Does 58 divide 98029222?
True
Is 618 a factor of 78918081?
False
Is 1030872 a multiple of 45?
False
Does 200 divide 82070051?
False
Does 858 divide 122533637?
False
Does 173 divide 6979166?
True
Is 1957968 a multiple of 36?
True
Is 2689 a factor of 505303435?
True
Is 6 a factor of 226495152?
True
Does 9 divide 3562323885?
True
Is 1843 a factor of 478271401?
True
Is 254656146 a multiple of 2861?
False
Is 8 a factor of 24563857?
False
Is 29 a factor of 28531215?
True
Is 30692018 a multiple of 259?
True
Is 41228825 a multiple of 55?
True
Is 22487477 a multiple of 184?
False
Is 459 a factor of 968598324?
True
Does 1462 divide 58814610?
False
Does 488 divide 65566154?
False
Is 138 a factor of 3269800014?
True
Does 960 divide 84462720?
True
Does 70 divide 184788870?
True
Is 49059164 a multiple of 517?
True
Is 1677324766 a multiple of 39?
False
Is 8 a factor of 135761640?
True
Does 77 divide 20223811?
False
Does 10 divide 7296530?
True
Is 217 a factor of 4720401?
True
Does 2929 divide 3651547756?
False
Does 16 divide 354344705?
False
Is 664 a factor of 70605112?
True
Does 185 divide 110013420?
False
Does 31 divide 310938480?
False
Is 13 a factor of 912019849?
True
Is 45489166 a multiple of 1803?
False
Is 1672363514 a multiple of 6806?
True
Does 5 divide 477491797?
False
Does 334 divide 341288548?
True
Is 18 a factor of 619554?
False
Does 165 divide 35468428?
False
Is 344801991 a multiple of 3?
True
Does 4921 divide 1564264240?
False
Is 217696709 a multiple of 704?
False
Is 73 a factor of 7143579?
False
Is 57 a factor of 128355735?
True
Does 126 divide 17874486?
True
Is 17 a factor of 6045515?
False
Does 1547 divide 36592738?
True
Is 256 a factor of 15530964?
False
Is 388 a factor of 23163600?
True
Is 102479228 a multiple of 339?
False
Does 210 divide 110758860?
False
Is 850 a factor of 1430550?
True
Is 29 a factor of 1071065642?
True
Does 26 divide 3575018649?
False
Is 21202029 a multiple of 141?
True
Is 3860 a factor of 47373780?
True
Is 2583313914 a multiple of 51?
True
Is 4346748 a multiple of 279?
False
Is 23606044 a multiple of 141?
False
Is 38 a factor of 8263245?
False
Is 234 a factor of 1625519610?
True
Is 140294974 a multiple of 772?
False
Is 72 a factor of 377756284?
False
Is 14926288 a multiple of 26?
True
Is 4617462234 a multiple of 72?
False
Does 15 divide 11279595?
True
Is 968 a factor of 3164121750?
False
Is 6166081 a multiple of 8?
False
Is 155608414 a multiple of 827?
False
Does 24 divide 38505624?
True
Does 24 divide 8869763?
False
Does 4 divide 29520599?
False
Does 65 divide 2744002640?
False
Does 501 divide 312883518?
True
Does 327 divide 10744239?
True
Is 1873252059 a multiple of 702?
False
Is 2 a factor of 27718387?
False
Does 6954 divide 1124225364?
True
Is 20199313 a multiple of 28?
False
Does 240 divide 525084789?
False
Is 6945819 a multiple of 2?
False
Does 10 divide 45883611?
False
Is 564 a factor of 65242956?
True
Is 1515923104 a multiple of 32?
True
Does 239 divide 1062077521?
True
Is 35 a factor of 83861645?
True
Does 433 divide 2388175076?
False
Does 11 divide 15798743?
False
Does 234 divide 92212380?
True
Is 286 a factor of 2866811289?
False
Is 24 a factor of 807820593?
False
Is 615905552 a multiple of 61?
False
Does 559 divide 818937267?
False
Does 2 divide 73789?
False
Is 1636089 a multiple of 39?
True
Is 5 a factor of 7704560?
True
Does 14 divide 17787238?
True
Does 3276 divide 1746530604?
True
Is 72 a factor of 22286229?
False
Is 255580046 a multiple of 6830?
False
Is 25630213 a multiple of 97?
True
Is 2014 a factor of 396794252?
True
Does 1164 divide 31549056?
True
Is 24530789 a multiple of 103?
True
Does 143 divide 110681285?
True
Is 1622755273 a multiple of 498?
False
Is 39 a factor of 501441837?
True
Is 91899600 a multiple of 1676?
False
Does 38 divide 68223735?
False
Is 30834765 a multiple of 117?
True
Does 721 divide 520668060?
False
Does 6 divide 1187931896?
False
Does 5 divide 87809590?
True
Is 3108776 a multiple of 5?
False
Is 63 a factor of 1873611054?
True
Is 3460 a factor of 253989998?
False
Is 173355300 a multiple of 450?
True
Does 13 divide 48295546?
True
Is 1380 a factor of 473208900?
True
Does 165 divide 106868437?
False
Is 220914750 a multiple of 203?
True
Does 709 divide 43308556?
True
Is 1343587